{"id":78,"date":"2025-09-17T18:07:23","date_gmt":"2025-09-17T17:07:23","guid":{"rendered":"https:\/\/samu-gprp.fr\/?page_id=78"},"modified":"2025-12-11T00:35:17","modified_gmt":"2025-12-10T23:35:17","slug":"nos-services","status":"publish","type":"page","link":"https:\/\/samu-gprp.fr\/index.php\/nos-services\/","title":{"rendered":"Nos services"},"content":{"rendered":"\t\t<div data-elementor-type=\"wp-page\" data-elementor-id=\"78\" class=\"elementor elementor-78\">\n\t\t\t\t<div class=\"elementor-element elementor-element-77222f9 e-flex e-con-boxed e-con e-parent\" data-id=\"77222f9\" data-element_type=\"container\">\n\t\t\t\t\t<div class=\"e-con-inner\">\n\t\t\t\t<div class=\"elementor-element elementor-element-b8bf0ef elementor-widget elementor-widget-hfe-breadcrumbs-widget\" data-id=\"b8bf0ef\" data-element_type=\"widget\" data-widget_type=\"hfe-breadcrumbs-widget.default\">\n\t\t\t\t<div class=\"elementor-widget-container\">\n\t\t\t\t\t<nav aria-label=\"Breadcrumb\"><ul class=\"hfe-breadcrumbs hfe-breadcrumbs-show-home\"><li class=\"hfe-breadcrumbs-item hfe-breadcrumbs-first\"><span class=\"hfe-breadcrumbs-home-icon\"><svg aria-hidden=\"true\" class=\"e-font-icon-svg e-fas-home\" viewBox=\"0 0 576 512\" xmlns=\"http:\/\/www.w3.org\/2000\/svg\"><path d=\"M280.37 148.26L96 300.11V464a16 16 0 0 0 16 16l112.06-.29a16 16 0 0 0 15.92-16V368a16 16 0 0 1 16-16h64a16 16 0 0 1 16 16v95.64a16 16 0 0 0 16 16.05L464 480a16 16 0 0 0 16-16V300L295.67 148.26a12.19 12.19 0 0 0-15.3 0zM571.6 251.47L488 182.56V44.05a12 12 0 0 0-12-12h-56a12 12 0 0 0-12 12v72.61L318.47 43a48 48 0 0 0-61 0L4.34 251.47a12 12 0 0 0-1.6 16.9l25.5 31A12 12 0 0 0 45.15 301l235.22-193.74a12.19 12.19 0 0 1 15.3 0L530.9 301a12 12 0 0 0 16.9-1.6l25.5-31a12 12 0 0 0-1.7-16.93z\"><\/path><\/svg><\/span><a href=\"https:\/\/samu-gprp.fr\"><span class=\"hfe-breadcrumbs-text\">Accueil<\/span><\/a><\/li><\/ul><\/nav>\t\t\t\t<\/div>\n\t\t\t\t<\/div>\n\t\t\t\t<div class=\"elementor-element elementor-element-3b8c44c elementor-widget elementor-widget-text-editor\" data-id=\"3b8c44c\" data-element_type=\"widget\" data-widget_type=\"text-editor.default\">\n\t\t\t\t\t\t\t\t\t<p><strong><em>Le SAMU de Paris, bas\u00e9 \u00e0 la Piti\u00e9-Salp\u00eatri\u00e8re, regroupe plusieurs p\u00f4les m\u00e9dicaux et administratifs destin\u00e9s \u00e0 r\u00e9pondre aux besoins urgents comme aux suivis sp\u00e9cialis\u00e9s. Qu&rsquo;il s&rsquo;agisse d&rsquo;une intervention vitale, d&rsquo;un accompagnement psychiatrique, d&rsquo;un suivi de grossesse ou d&rsquo;une expertise m\u00e9dico-l\u00e9gale, nos \u00e9quipes assurent une prise en charge compl\u00e8te et coordonn\u00e9e, en lien avec les autres acteurs de sant\u00e9 et de secours.<\/em><\/strong><\/p>\t\t\t\t\t\t\t\t<\/div>\n\t\t\t\t<div class=\"elementor-element elementor-element-86fdf5e elementor-widget-divider--view-line elementor-widget elementor-widget-divider\" data-id=\"86fdf5e\" data-element_type=\"widget\" data-widget_type=\"divider.default\">\n\t\t\t\t\t\t\t<div class=\"elementor-divider\">\n\t\t\t<span class=\"elementor-divider-separator\">\n\t\t\t\t\t\t<\/span>\n\t\t<\/div>\n\t\t\t\t\t\t<\/div>\n\t\t\t\t<div class=\"elementor-element elementor-element-5edcabc elementor-widget elementor-widget-heading\" data-id=\"5edcabc\" data-element_type=\"widget\" data-widget_type=\"heading.default\">\n\t\t\t\t\t<h2 class=\"elementor-heading-title elementor-size-default\">SAMU - Service d'Aide M\u00e9dicale d'Urgence<\/h2>\t\t\t\t<\/div>\n\t\t\t\t<div class=\"elementor-element elementor-element-5c531ec elementor-position-left elementor-vertical-align-middle elementor-widget elementor-widget-image-box\" data-id=\"5c531ec\" data-element_type=\"widget\" data-widget_type=\"image-box.default\">\n\t\t\t\t\t<div class=\"elementor-image-box-wrapper\"><figure class=\"elementor-image-box-img\"><img fetchpriority=\"high\" decoding=\"async\" width=\"318\" height=\"159\" src=\"https:\/\/samu-gprp.fr\/wp-content\/uploads\/2025\/12\/images.png\" class=\"attachment-full size-full wp-image-1322\" alt=\"\" srcset=\"https:\/\/samu-gprp.fr\/wp-content\/uploads\/2025\/12\/images.png 318w, https:\/\/samu-gprp.fr\/wp-content\/uploads\/2025\/12\/images-300x150.png 300w\" sizes=\"(max-width: 318px) 100vw, 318px\" \/><\/figure><div class=\"elementor-image-box-content\"><h3 class=\"elementor-image-box-title\">M\u00e9decin-Chef : <\/h3><p class=\"elementor-image-box-description\">Le SAMU est un maillon central de la m\u00e9decine d'urgence pr\u00e9-hospitali\u00e8re<br><br><b>Le service des Urgences au sens large va regrouper 4 services : <\/b><br><br>1. Le <b>SMUR<\/b>, <b>S<\/b>tructure <b>M<\/b>obile d'<b>U<\/b>rgence et de <b>R<\/b>\u00e9animation : transportant un ambulancier, un infirmier et un m\u00e9decin, assure la prise en charge extra-hospitali\u00e8re d'un patient requ\u00e9rant des soins critiques.<br><br>2. Le <b>SMUH<\/b>, <b>S<\/b>ervice <b>M<\/b>\u00e9dical d'<b>U<\/b>rgences <b>H<\/b>\u00e9liport\u00e9 : variante a\u00e9rienne du SMUR pour des interventions rapides en zones difficiles.<br><br>3. Le <b>CRRA15<\/b>, <b>C<\/b>entre de <b>R<\/b>\u00e9ception et de <b>R<\/b>\u00e9gulation des <b>A<\/b>ppels du <b>15<\/b> : centre de r\u00e9gulation, r\u00e9ceptionne les appels, r\u00e9gule les sapeurs-pompiers, assure la coordination m\u00e9dicale.<br><br>4. Le <b>CESU<\/b>, <b>C<\/b>entre d'<b>E<\/b>nseignement des <b>S<\/b>oins d'<b>U<\/b>rgence : centre dans lequel sont r\u00e9guli\u00e8rement form\u00e9s \/ recycl\u00e9s les professionnels de sant\u00e9.<\/p><\/div><\/div>\t\t\t\t<\/div>\n\t\t\t\t<div class=\"elementor-element elementor-element-56c763b elementor-widget-divider--view-line elementor-widget elementor-widget-divider\" data-id=\"56c763b\" data-element_type=\"widget\" data-widget_type=\"divider.default\">\n\t\t\t\t\t\t\t<div class=\"elementor-divider\">\n\t\t\t<span class=\"elementor-divider-separator\">\n\t\t\t\t\t\t<\/span>\n\t\t<\/div>\n\t\t\t\t\t\t<\/div>\n\t\t\t\t<div class=\"elementor-element elementor-element-7d615dd elementor-widget elementor-widget-heading\" data-id=\"7d615dd\" data-element_type=\"widget\" data-widget_type=\"heading.default\">\n\t\t\t\t\t<h2 class=\"elementor-heading-title elementor-size-default\">SMP - Service de M\u00e9decine Polyvalente<\/h2>\t\t\t\t<\/div>\n\t\t\t\t<div class=\"elementor-element elementor-element-20d4f4c elementor-position-right elementor-vertical-align-top elementor-widget elementor-widget-image-box\" data-id=\"20d4f4c\" data-element_type=\"widget\" data-widget_type=\"image-box.default\">\n\t\t\t\t\t<div class=\"elementor-image-box-wrapper\"><figure class=\"elementor-image-box-img\"><img decoding=\"async\" width=\"800\" height=\"533\" src=\"https:\/\/samu-gprp.fr\/wp-content\/uploads\/2025\/09\/urgences.jpg\" class=\"attachment-full size-full wp-image-80\" alt=\"\" srcset=\"https:\/\/samu-gprp.fr\/wp-content\/uploads\/2025\/09\/urgences.jpg 800w, https:\/\/samu-gprp.fr\/wp-content\/uploads\/2025\/09\/urgences-300x200.jpg 300w, https:\/\/samu-gprp.fr\/wp-content\/uploads\/2025\/09\/urgences-768x512.jpg 768w\" sizes=\"(max-width: 800px) 100vw, 800px\" \/><\/figure><div class=\"elementor-image-box-content\"><h3 class=\"elementor-image-box-title\">Chef de service : <\/h3><p class=\"elementor-image-box-description\"><b>Le SMP va regrouper 3 services : <br><\/b><br>1. Le <b>SAU<\/b>, <b>S<\/b>ervice d'<b>A<\/b>ccueil des <b>U<\/b>rgences : service accueillant les patients \u00e0 l'h\u00f4pital, zone de triage faites par l'IAO et le MAO.<br><br>2. Le <b>SMI<\/b>, <b>S<\/b>ervice de <b>M<\/b>\u00e9decine <b>I<\/b>nterne : prend en charge les pathologies complexes multisyst\u00e9miques ne pouvant pas \u00eatre trait\u00e9es aux Urgences.<br><br>3. Le <b>SRR<\/b>, <b>S<\/b>ervice de <b>R<\/b>\u00e9animation : unit\u00e9 de soins intensifs, d\u00e9di\u00e9e \u00e0 la PEC de patients en insuffisance d'organes aigu\u00eb, avec un monitorage invasif, souvent sous ventilation et accompagn\u00e9 d'un support h\u00e9modynamique.<\/p><\/div><\/div>\t\t\t\t<\/div>\n\t\t\t\t<div class=\"elementor-element elementor-element-3bcc277 elementor-widget-divider--view-line elementor-widget elementor-widget-divider\" data-id=\"3bcc277\" data-element_type=\"widget\" data-widget_type=\"divider.default\">\n\t\t\t\t\t\t\t<div class=\"elementor-divider\">\n\t\t\t<span class=\"elementor-divider-separator\">\n\t\t\t\t\t\t<\/span>\n\t\t<\/div>\n\t\t\t\t\t\t<\/div>\n\t\t\t\t<div class=\"elementor-element elementor-element-ac1230c elementor-widget elementor-widget-heading\" data-id=\"ac1230c\" data-element_type=\"widget\" data-widget_type=\"heading.default\">\n\t\t\t\t\t<h2 class=\"elementor-heading-title elementor-size-default\">SCG - Service de Chirurgie G\u00e9n\u00e9rale<\/h2>\t\t\t\t<\/div>\n\t\t\t\t<div class=\"elementor-element elementor-element-f545be5 elementor-position-left elementor-vertical-align-top elementor-widget elementor-widget-image-box\" data-id=\"f545be5\" data-element_type=\"widget\" data-widget_type=\"image-box.default\">\n\t\t\t\t\t<div class=\"elementor-image-box-wrapper\"><figure class=\"elementor-image-box-img\"><img decoding=\"async\" width=\"1920\" height=\"1080\" src=\"https:\/\/samu-gprp.fr\/wp-content\/uploads\/2025\/09\/stock-image-138446540-m-2015.jpg\" class=\"attachment-full size-full wp-image-86\" alt=\"\" srcset=\"https:\/\/samu-gprp.fr\/wp-content\/uploads\/2025\/09\/stock-image-138446540-m-2015.jpg 1920w, https:\/\/samu-gprp.fr\/wp-content\/uploads\/2025\/09\/stock-image-138446540-m-2015-300x169.jpg 300w, https:\/\/samu-gprp.fr\/wp-content\/uploads\/2025\/09\/stock-image-138446540-m-2015-1024x576.jpg 1024w, https:\/\/samu-gprp.fr\/wp-content\/uploads\/2025\/09\/stock-image-138446540-m-2015-768x432.jpg 768w, https:\/\/samu-gprp.fr\/wp-content\/uploads\/2025\/09\/stock-image-138446540-m-2015-1536x864.jpg 1536w\" sizes=\"(max-width: 1920px) 100vw, 1920px\" \/><\/figure><div class=\"elementor-image-box-content\"><h3 class=\"elementor-image-box-title\">Chef de service : <\/h3><p class=\"elementor-image-box-description\"><b>Le SCG va regrouper 2 services :<\/b><br><br>1. Le <b>SCU<\/b>, <b>S<\/b>ervice de <b>C<\/b>hirurgie d'<b>U<\/b>rgence : unit\u00e9 chirurgicale r\u00e9alisant des interventions non-programm\u00e9es.<br><br>2. Le <b>SCP<\/b>, <b>S<\/b>ervice de <b>C<\/b>hirurgie <b>P<\/b>rogramm\u00e9e : unit\u00e9 chirurgicale r\u00e9alisant des interventions programm\u00e9es, ayant fait l'objet d'une consultation pr\u00e9-op\u00e9ratoire, d'une consultation avec un anesth\u00e9siste, et d'une consultation centr\u00e9e sur le consentement \u00e9clair\u00e9 et \u00e9crit\/sign\u00e9 du patient.<\/p><\/div><\/div>\t\t\t\t<\/div>\n\t\t\t\t<div class=\"elementor-element elementor-element-9c1bb7b elementor-widget-divider--view-line elementor-widget elementor-widget-divider\" data-id=\"9c1bb7b\" data-element_type=\"widget\" data-widget_type=\"divider.default\">\n\t\t\t\t\t\t\t<div class=\"elementor-divider\">\n\t\t\t<span class=\"elementor-divider-separator\">\n\t\t\t\t\t\t<\/span>\n\t\t<\/div>\n\t\t\t\t\t\t<\/div>\n\t\t\t\t<div class=\"elementor-element elementor-element-6526533 elementor-widget elementor-widget-heading\" data-id=\"6526533\" data-element_type=\"widget\" data-widget_type=\"heading.default\">\n\t\t\t\t\t<h2 class=\"elementor-heading-title elementor-size-default\">SMSAP - Service de M\u00e9decine et des Sp\u00e9cialit\u00e9s Anapatho-L\u00e9gales<\/h2>\t\t\t\t<\/div>\n\t\t\t\t<div class=\"elementor-element elementor-element-dfb0b39 elementor-position-right elementor-vertical-align-top elementor-widget elementor-widget-image-box\" data-id=\"dfb0b39\" data-element_type=\"widget\" data-widget_type=\"image-box.default\">\n\t\t\t\t\t<div class=\"elementor-image-box-wrapper\"><figure class=\"elementor-image-box-img\"><img loading=\"lazy\" decoding=\"async\" width=\"432\" height=\"243\" src=\"https:\/\/samu-gprp.fr\/wp-content\/uploads\/2025\/09\/psychiatrie.jpg\" class=\"attachment-full size-full wp-image-83\" alt=\"\" srcset=\"https:\/\/samu-gprp.fr\/wp-content\/uploads\/2025\/09\/psychiatrie.jpg 432w, https:\/\/samu-gprp.fr\/wp-content\/uploads\/2025\/09\/psychiatrie-300x169.jpg 300w\" sizes=\"(max-width: 432px) 100vw, 432px\" \/><\/figure><div class=\"elementor-image-box-content\"><h3 class=\"elementor-image-box-title\">Chef de service : Dr. SENECA Emilio<\/h3><p class=\"elementor-image-box-description\"><b>Le SMSAP va regrouper 2 services :<\/b><br><br>1. Le <b>SML<\/b>, <b>S<\/b>ervice de <b>M<\/b>\u00e9decine <b>L<\/b>\u00e9gale : unit\u00e9 m\u00e9dico-l\u00e9gale r\u00e9alisant des expertises judiciaires avec autopsies limit\u00e9es et certificats l\u00e9gaux.<br><br>2. Le <b>SAP<\/b>, <b>S<\/b>ervice d'<b>A<\/b>natomie et de Cyto-<b>P<\/b>athologies : laboratoire d'anatomopathologie analysant biopsies, frottis et pi\u00e8ces op\u00e9ratoires pour les diagnostic tumoraux\/pr\u00e9canc\u00e9reux, essentiel post-chirurgie.<br><br>Le SMSAP joue un r\u00f4le essentiel, il permet la prise en charge des interventions du SMUR lors d'OML (Obstance M\u00e9dico-L\u00e9gal), mais il permet aussi d'apporter de l'aide \u00e0 l'IRCGN.<\/p><\/div><\/div>\t\t\t\t<\/div>\n\t\t\t\t<div class=\"elementor-element elementor-element-f417227 elementor-widget-divider--view-line elementor-widget elementor-widget-divider\" data-id=\"f417227\" data-element_type=\"widget\" data-widget_type=\"divider.default\">\n\t\t\t\t\t\t\t<div class=\"elementor-divider\">\n\t\t\t<span class=\"elementor-divider-separator\">\n\t\t\t\t\t\t<\/span>\n\t\t<\/div>\n\t\t\t\t\t\t<\/div>\n\t\t\t\t<div class=\"elementor-element elementor-element-76cadb4 elementor-widget elementor-widget-heading\" data-id=\"76cadb4\" data-element_type=\"widget\" data-widget_type=\"heading.default\">\n\t\t\t\t\t<h2 class=\"elementor-heading-title elementor-size-default\">SCMEP - Service de Consultations M\u00e9dicales Externes Programm\u00e9es<\/h2>\t\t\t\t<\/div>\n\t\t\t\t<div class=\"elementor-element elementor-element-d16f3d5 elementor-position-left elementor-vertical-align-top elementor-widget elementor-widget-image-box\" data-id=\"d16f3d5\" data-element_type=\"widget\" data-widget_type=\"image-box.default\">\n\t\t\t\t\t<div class=\"elementor-image-box-wrapper\"><figure class=\"elementor-image-box-img\"><img loading=\"lazy\" decoding=\"async\" width=\"2048\" height=\"1365\" src=\"https:\/\/samu-gprp.fr\/wp-content\/uploads\/2025\/09\/Neurologie.jpg\" class=\"attachment-full size-full wp-image-85\" alt=\"\" srcset=\"https:\/\/samu-gprp.fr\/wp-content\/uploads\/2025\/09\/Neurologie.jpg 2048w, https:\/\/samu-gprp.fr\/wp-content\/uploads\/2025\/09\/Neurologie-300x200.jpg 300w, https:\/\/samu-gprp.fr\/wp-content\/uploads\/2025\/09\/Neurologie-1024x683.jpg 1024w, https:\/\/samu-gprp.fr\/wp-content\/uploads\/2025\/09\/Neurologie-768x512.jpg 768w, https:\/\/samu-gprp.fr\/wp-content\/uploads\/2025\/09\/Neurologie-1536x1024.jpg 1536w\" sizes=\"(max-width: 2048px) 100vw, 2048px\" \/><\/figure><div class=\"elementor-image-box-content\"><h3 class=\"elementor-image-box-title\">Chef de P\u00f4le :<\/h3><p class=\"elementor-image-box-description\"><b>Le SCMEP va regrouper 6 services : <\/b><br><br>1. Service de M\u00e9decine G\u00e9n\u00e9rale<br>2. Service de Gyn\u00e9cologie-Obst\u00e9trique<br>3. Service de Psychiatrie<br>4. Service de M\u00e9decine L\u00e9gale<br>5. Service de M\u00e9decine Cardiovasculaire<br>6. Service de la Sant\u00e9 au Travail<\/p><\/div><\/div>\t\t\t\t<\/div>\n\t\t\t\t<div class=\"elementor-element elementor-element-2f9c26f elementor-widget-divider--view-line elementor-widget elementor-widget-divider\" data-id=\"2f9c26f\" data-element_type=\"widget\" data-widget_type=\"divider.default\">\n\t\t\t\t\t\t\t<div class=\"elementor-divider\">\n\t\t\t<span class=\"elementor-divider-separator\">\n\t\t\t\t\t\t<\/span>\n\t\t<\/div>\n\t\t\t\t\t\t<\/div>\n\t\t\t\t<div class=\"elementor-element elementor-element-b0b56c8 elementor-widget-divider--view-line elementor-widget elementor-widget-divider\" data-id=\"b0b56c8\" data-element_type=\"widget\" data-widget_type=\"divider.default\">\n\t\t\t\t\t\t\t<div class=\"elementor-divider\">\n\t\t\t<span class=\"elementor-divider-separator\">\n\t\t\t\t\t\t<\/span>\n\t\t<\/div>\n\t\t\t\t\t\t<\/div>\n\t\t\t\t<div class=\"elementor-element elementor-element-12382ab elementor-widget elementor-widget-heading\" data-id=\"12382ab\" data-element_type=\"widget\" data-widget_type=\"heading.default\">\n\t\t\t\t\t<h2 class=\"elementor-heading-title elementor-size-default\">La Direction<\/h2>\t\t\t\t<\/div>\n\t\t\t\t<div class=\"elementor-element elementor-element-337b1bf elementor-widget elementor-widget-text-editor\" data-id=\"337b1bf\" data-element_type=\"widget\" data-widget_type=\"text-editor.default\">\n\t\t\t\t\t\t\t\t\t<ul><li>La direction administrative veille au bon fonctionnement logistique, financier et organisationnel du service. Elle g\u00e8re les aspects r\u00e9glementaires et assure la coordination entre les diff\u00e9rents p\u00f4les hospitaliers.<\/li><li>La direction m\u00e9dicale supervise l&rsquo;activit\u00e9 clinique et scientifique de l&rsquo;AP-HP. Elle est responsable de la qualit\u00e9 des soins, du respect des protocoles m\u00e9dicaux et de la formation continue des \u00e9quipes. Elle joue \u00e9galement un r\u00f4le cl\u00e9 dans la coordination avec les autres services d&rsquo;urgence et les partenaires ext\u00e9rieurs (BSPP, forces de l&rsquo;ordre, etc.)<\/li><\/ul><p>Ensemble, ces deux directions garantissent un fonctionnement efficace et harmonieux, permettant aux \u00e9quipes de se concentrer pleinement sur leur mission de soins et d&rsquo;assistance aux patients.<\/p>\t\t\t\t\t\t\t\t<\/div>\n\t\t<div class=\"elementor-element elementor-element-6b6dfde e-grid e-con-full e-con e-child\" data-id=\"6b6dfde\" data-element_type=\"container\">\n\t\t\t\t<div class=\"elementor-element elementor-element-d6bd8f5 elementor-position-top elementor-widget elementor-widget-image-box\" data-id=\"d6bd8f5\" data-element_type=\"widget\" data-widget_type=\"image-box.default\">\n\t\t\t\t\t<div class=\"elementor-image-box-wrapper\"><figure class=\"elementor-image-box-img\"><img loading=\"lazy\" decoding=\"async\" width=\"180\" height=\"180\" src=\"https:\/\/samu-gprp.fr\/wp-content\/uploads\/2025\/09\/56244087-3020-4b3c-9fbd-53d9716aacbd_logo-180x180-1733223816118.png\" class=\"attachment-full size-full wp-image-8\" alt=\"\" srcset=\"https:\/\/samu-gprp.fr\/wp-content\/uploads\/2025\/09\/56244087-3020-4b3c-9fbd-53d9716aacbd_logo-180x180-1733223816118.png 180w, https:\/\/samu-gprp.fr\/wp-content\/uploads\/2025\/09\/56244087-3020-4b3c-9fbd-53d9716aacbd_logo-180x180-1733223816118-150x150.png 150w\" sizes=\"(max-width: 180px) 100vw, 180px\" \/><\/figure><div class=\"elementor-image-box-content\"><h3 class=\"elementor-image-box-title\">Pr. Dylan SCHRUTE<\/h3><p class=\"elementor-image-box-description\">Directeur G\u00e9n\u00e9ral<\/p><\/div><\/div>\t\t\t\t<\/div>\n\t\t\t\t<div class=\"elementor-element elementor-element-bb07d53 elementor-position-top elementor-widget elementor-widget-image-box\" data-id=\"bb07d53\" data-element_type=\"widget\" data-widget_type=\"image-box.default\">\n\t\t\t\t\t<div class=\"elementor-image-box-wrapper\"><figure class=\"elementor-image-box-img\"><img loading=\"lazy\" decoding=\"async\" width=\"180\" height=\"180\" src=\"https:\/\/samu-gprp.fr\/wp-content\/uploads\/2025\/09\/56244087-3020-4b3c-9fbd-53d9716aacbd_logo-180x180-1733223816118.png\" class=\"attachment-full size-full wp-image-8\" alt=\"\" srcset=\"https:\/\/samu-gprp.fr\/wp-content\/uploads\/2025\/09\/56244087-3020-4b3c-9fbd-53d9716aacbd_logo-180x180-1733223816118.png 180w, https:\/\/samu-gprp.fr\/wp-content\/uploads\/2025\/09\/56244087-3020-4b3c-9fbd-53d9716aacbd_logo-180x180-1733223816118-150x150.png 150w\" sizes=\"(max-width: 180px) 100vw, 180px\" \/><\/figure><div class=\"elementor-image-box-content\"><h3 class=\"elementor-image-box-title\">Pr. Alexandre LAURENT<\/h3><p class=\"elementor-image-box-description\">Directeur G\u00e9n\u00e9ral<\/p><\/div><\/div>\t\t\t\t<\/div>\n\t\t\t\t<\/div>\n\t\t\t\t<div class=\"elementor-element elementor-element-9c579c0 elementor-position-top elementor-widget elementor-widget-image-box\" data-id=\"9c579c0\" data-element_type=\"widget\" data-widget_type=\"image-box.default\">\n\t\t\t\t\t<div class=\"elementor-image-box-wrapper\"><figure class=\"elementor-image-box-img\"><img loading=\"lazy\" decoding=\"async\" width=\"819\" height=\"756\" src=\"https:\/\/samu-gprp.fr\/wp-content\/uploads\/2025\/09\/20250922211117_1.jpg\" class=\"attachment-full size-full wp-image-306\" alt=\"\" srcset=\"https:\/\/samu-gprp.fr\/wp-content\/uploads\/2025\/09\/20250922211117_1.jpg 819w, https:\/\/samu-gprp.fr\/wp-content\/uploads\/2025\/09\/20250922211117_1-300x277.jpg 300w, https:\/\/samu-gprp.fr\/wp-content\/uploads\/2025\/09\/20250922211117_1-768x709.jpg 768w\" sizes=\"(max-width: 819px) 100vw, 819px\" \/><\/figure><div class=\"elementor-image-box-content\"><h3 class=\"elementor-image-box-title\">Dr. Emilio SENECA<\/h3><p class=\"elementor-image-box-description\">Assistant de direction<\/p><\/div><\/div>\t\t\t\t<\/div>\n\t\t\t\t\t<\/div>\n\t\t\t\t<\/div>\n\t\t\t\t<\/div>\n\t\t","protected":false},"excerpt":{"rendered":"<p>Accueil Le SAMU de Paris, bas\u00e9 \u00e0 la Piti\u00e9-Salp\u00eatri\u00e8re, regroupe plusieurs p\u00f4les m\u00e9dicaux et administratifs destin\u00e9s \u00e0 r\u00e9pondre aux besoins urgents comme aux suivis sp\u00e9cialis\u00e9s. Qu&rsquo;il s&rsquo;agisse d&rsquo;une intervention vitale, d&rsquo;un accompagnement psychiatrique, d&rsquo;un suivi de grossesse ou d&rsquo;une expertise m\u00e9dico-l\u00e9gale, nos \u00e9quipes assurent une prise en charge compl\u00e8te et coordonn\u00e9e, en lien avec les [&hellip;]<\/p>\n","protected":false},"author":78,"featured_media":0,"parent":0,"menu_order":0,"comment_status":"closed","ping_status":"closed","template":"","meta":{"_acf_changed":false,"om_disable_all_campaigns":false,"_monsterinsights_skip_tracking":false,"_monsterinsights_sitenote_active":false,"_monsterinsights_sitenote_note":"","_monsterinsights_sitenote_category":0,"footnotes":""},"class_list":["post-78","page","type-page","status-publish","hentry"],"acf":[],"aioseo_notices":[],"ams_acf":[],"_links":{"self":[{"href":"https:\/\/samu-gprp.fr\/index.php\/wp-json\/wp\/v2\/pages\/78","targetHints":{"allow":["GET"]}}],"collection":[{"href":"https:\/\/samu-gprp.fr\/index.php\/wp-json\/wp\/v2\/pages"}],"about":[{"href":"https:\/\/samu-gprp.fr\/index.php\/wp-json\/wp\/v2\/types\/page"}],"author":[{"embeddable":true,"href":"https:\/\/samu-gprp.fr\/index.php\/wp-json\/wp\/v2\/users\/78"}],"replies":[{"embeddable":true,"href":"https:\/\/samu-gprp.fr\/index.php\/wp-json\/wp\/v2\/comments?post=78"}],"version-history":[{"count":16,"href":"https:\/\/samu-gprp.fr\/index.php\/wp-json\/wp\/v2\/pages\/78\/revisions"}],"predecessor-version":[{"id":1325,"href":"https:\/\/samu-gprp.fr\/index.php\/wp-json\/wp\/v2\/pages\/78\/revisions\/1325"}],"wp:attachment":[{"href":"https:\/\/samu-gprp.fr\/index.php\/wp-json\/wp\/v2\/media?parent=78"}],"curies":[{"name":"wp","href":"https:\/\/api.w.org\/{rel}","templated":true}]}}